 j(18).
18
Suppose -o + 4*o - 126 = 0. Let q be 4 + 0 + 260/(26/(-2)). What is the remainder when o is divided by (-7 - -5)*2*100/q?
17
Let m(r) = 4*r - 20. Let o be m(6). Suppose -2*a = 3*v - 0*v - 75, 5*a - o*v - 199 = 0. What is the remainder when a is divided by (-112)/(-5) - (-10)/(-25)?
17
Let q = -80 + -65. Let p = 163 + q. Calculate the remainder when 123 is divided by p.
15
What is the remainder when 852 is divided by (-90)/3*651/(-186)?
12
Let s = -1483 + 1503. What is the remainder when 155 is divided by s?
15
Calculate the remainder when 810/1*-2*(-2)/12 is divided by 48.
30
Suppose 658 + 3260 = 4*h + 2*g, 5*h - 4892 = 3*g. Calculate the remainder when h is divided by 164.
159
Let y = 57212 + -57192. Let j(l) = -l**3 + 5*l**2 + 3*l + 6. Calculate the remainder when j(5) is divided by y.
1
Suppose 2 = 9*h - 43. Suppose h*w - 4*g - 6 = -5*g, -4*g - 14 = w. Suppose w*u = -2*j + 92, -4*j + 3 = -13. What is the remainder when u is divided by 11?
9
Let v(u) = 2*u**2 + 10*u + 1. Let d be v(-7). Let j = 23 - d. Calculate the remainder when 22 is divided by (2 + 2)/(j/(-12)).
6
Suppose -2*z + 72 = 238. Let n = z - -163. Suppose 0 = 5*t - d - n, 4*d + 0*d - 105 = -5*t. What is the remainder when t is divided by 6?
5
Suppose -99 = -3*w - v, 5*w - 155 = -7*v + 2*v. Let m = -19 + w. Suppose -5*f = -4*f - 56. Calculate the remainder when f is divided by m.
11
Suppose -2*p + 5*c = 2*c, c = 2*p - 8. Let w(d) = 45*d - 131. Calculate the remainder when w(p) is divided by 37.
28
Let k(m) = 6*m**2 - 18*m + 37. Calculate the remainder when 522 is divided by k(6).
87
Let n be 3/((-9)/(-12))*(-2)/(-2). Suppose 5*z = 4*p + 335, 2 = n*z - 10. What is the remainder when 59 is divided by (p/(-12))/(2/6)?
19
Let g(l) = -18*l - 2. Let z be (6 - -1)*-1*(5 - 37). Let k = -209 + z. Calculate the remainder when g(-5) is divided by k.
13
Suppose -o - 5*j + 14 = 0, -2*o - 8*j - 8 = -10*j. Calculate the remainder when 116 is divided by (o/4)/(17/(-1768)).
12
Let p = -5 + 4. Calculate the remainder when 2 + -2 + (p - -27) is divided by 4/6 - (-4495)/435.
4
Calculate the remainder when -3 - 17/(255/(-12870)) is divided by 29.
14
Let a be (-16)/(-6)*(-270)/(-36). Let y be ((-2)/3)/(a/(-450)). Calculate the remainder when 35 is divided by 6*(-2)/y + (-188)/(-10).
17
Suppose -2*g = -4*g + 204. Suppose 296 = -98*b + g*b. Calculate the remainder when b is divided by 26.
22
Suppose 3*k = -2*o + 797, 4*k - 1057 = -0*k + 3*o. What is the remainder when k is divided by 246?
19
Let j = -93 + 95. Suppose -j*h + 4*h - 7*h = 0. Suppose 4*b - 8*a + 7*a - 348 = 0, h = -5*b - 3*a + 435. Calculate the remainder when b is divided by 10.
7
Let r = 117 - 106. Let z(b) = -5*b**2 - b. Let y be z(1). Let u = y + 12. What is the remainder when r is divided by u?
5
Suppose -4*f - 208 = -3*r + 189, -2*f - 3*r = 221. Let a = -38 - f. What is the remainder when a is divided by 35?
30
Let b = -24787 - -25005. Calculate the remainder when 1742 is divided by b.
216
Suppose -2*l - 226 = -1670. Calculate the remainder when l is divided by 16.
2
Suppose -4*j - 2362 = -3*u - 661, 0 = 3*u + j - 1686. What is the remainder when u is divided by 148?
119
What is the remainder when 135 is divided by (24/(-48))/((-1)/202)?
34
Suppose 3*s + 105 - 162 = 0. What is the remainder when 909 is divided by s?
16
What is the remainder when 126 is divided by (5 - (-3 + 8)) + 64/2?
30
Suppose -k - 28 = -76. Let x = -9 + k. Suppose 2*r = 5*r - x. Calculate the remainder when 64 is divided by r.
12
Let c = -15 - -17. Suppose 10 = c*i, 5*p - 3*i = 242 + 123. What is the remainder when p is divided by 16?
12
Let a = -3106 - -7449. What is the remainder when a is divided by 82?
79
Suppose -16*g = -19*g + 9. Suppose g*h + 33 = 2*c - 79, 2*c + h = 128. Calculate the remainder when c is divided by 26.
10
Let a(o) = o**3 + 6*o**2 - 17*o + 7. Suppose 16*u + 176 = -6*u. What is the remainder when 49 is divided by a(u)?
4
Suppose -202 - 708 = -2*f - 5*z, -2*f - 4*z = -910. What is the remainder when f is divided by 47?
32
Suppose 2*u - 4*p = -p + 11120, -2*u = -5*p - 11128. Calculate the remainder when u is divided by 101.
100
Calculate the remainder when 219 is divided by 3*6/18 + -3 + 66.
27
Let s = 2 - -32. Let k = s + 29. Calculate the remainder when k is divided by 11.
8
Let t(x) = 6*x - 10. Let d be t(2). What is the remainder when d/(-9) - ((-5992)/(-36))/(-2) is divided by 6?
5
Let f = 2 + -2. Suppose f*w - 30 = 3*w. Calculate the remainder when 48 is divided by (-5)/((-15)/12) - w.
6
Let u(j) = 2*j + 2. Let q = -208 - -267. What is the remainder when q is divided by u(2)?
5
Let l be ((-56)/(-12))/(-2) + (-2)/(-6). Let a be (-2)/(0 - 4/l)*-3. Suppose -w + 47 = 2*r, 3*w = a*r - 85 + 28. What is the remainder when r is divided by 12?
10
Let c(o) = -o**2 - 26*o + 84. Let f be c(-25). Suppose f = 5*j + n, -13*j + 17*j + 4*n = 100. What is the remainder when 104 is divided by j?
20
What is the remainder when ((-626)/6 + 9)/((-2)/18) is divided by 37?
7
Suppose 287 - 44 = g. Let s = g + -208. What is the remainder when 345 is divided by s?
30
Let b = 1121 + -690. Suppose 6*i - b = 1. Suppose 4*n - i = -5*o, 11*n - 2*o = 7*n + 44. Calculate the remainder when n is divided by 4.
1
Let s = 9553 - 9400. Calculate the remainder when 764 is divided by s.
152
Let k(p) = p**3 + 20*p**2 + 92*p + 41. What is the remainder when 578 is divided by k(-13)?
18
Let p(y) = 66893 - 12*y - 66*y + 4*y**2 - 66899. What is the remainder when p(21) is divided by 54?
12
Let n = 4925 + -4868. What is the remainder when 1814 is divided by n?
47
Calculate the remainder when 604 + (-13 - 13 - -7) - (5 - 1) is divided by 432.
149
Let y(c) = -5*c - 1 - 4 + 2*c**2 - c. What is the remainder when y(-4) is divided by (10/(-805)*-69)/(1*1/21)?
15
Let i = -981 + 1548. Let g = -557 + i. What is the remainder when 599 is divided by g?
9
Suppose 3*r - 1143 = 2*i, -6*r + 8*r + 5*i - 781 = 0. Let g = 530 - r. What is the remainder when g is divided by 15?
12
Suppose 4*o - 2*r + 12 = -6*r, 3*r + 1 = o. Let u(g) = 15*g**2 - g - 8. Suppose -t + 63 = 4*k, -6 = -2*t - 0. What is the remainder when u(o) is divided by k?
9
Let b(h) = -11*h + 60. Let l be b(5). Suppose 0 = -3*n - 2*n - 4*f + 95, n = 2*f + l. What is the remainder when n is divided by 4?
3
Let i = 15847 + -13354. What is the remainder when i is divided by 4?
1
Let m(r) = -451*r - 193. Calculate the remainder when m(-8) is divided by 56.
55
Suppose 4*i - 5*y = 790, -5*i + 8*y - 6*y + 1013 = 0. Calculate the remainder when 905 is divided by i.
85
Let b = -102 - -246. Suppose u = -2*u + b. Suppose 3*j = 4*j - 190. Calculate the remainder when j is divided by u.
46
Let l be (8/5)/(4/10). Suppose 0 = -0*s - l*s + 64. Suppose 0 = -0*c - 10*c + 4*c + 174. Calculate the remainder when c is divided by s.
13
Suppose 5*z = -4*h + 2192, 4*z = 15*h - 10*h + 1729. What is the remainder when z is divided by 434?
2
Let i = 440137 + -439951. Let b = -19 + 67. What is the remainder when i is divided by b?
42
Suppose 4*i - 814 = -818. What is the remainder when 247 is divided by (-14 + 6/(-3))*i/2?
7
Suppose 26*g = 242*g - 228960. What is the remainder when g is divided by 60?
40
Suppose 0 = -20*h + 16*h + 60. Suppose 5*t = 3*r - 0 + h, r = -3*t + 9. Suppose -2*q - 41 + 57 = r. What is the remainder when 16 is divided by q?
0
Suppose -1111 = -7*x - 390. Suppose 3*u - 5*k - 78 = 0, 2*k + 3*k = u - 26. Calculate the remainder when x is divided by u.
25
Let f be (1 + 2)*2/3. Suppose r + 7 = -j - f*j, -5*r - j + 21 = 0. Suppose -r*c + 29 = 3*g + g, -5*g + 7 = 3*c. What is the remainder when 24 is divided by c?
6
Let s be 13048/392 + 2/(-7). Suppose -s*t + 43*t = 410. Calculate the remainder when 119 is divided by t.
37
Suppose 294 + 84 = 21*n. Calculate the remainder when 967 is divided by n.
13
Suppose 0 = -n - 3*z - z - 1, 5*n = -2*z - 5. Calculate the remainder when 57 is divided by n + (27/2 - (-1)/(-2)).
9
Let a = 10 - 16. Suppose -9*m - 17*m + 2366 = 0. Calculate the remainder when m is divided by (-4)/(-6) + (-110)/a.
15
Let w(b) = -7 - 21 + 0*b + 8*b - 8. Calculate the remainder when 29 is divided by w(7).
9
What is the remainder when 6 - (14 - (26 + -10))*1534/4 is divided by 105?
38
Let l = -31 - -45. Calculate the rem